nder when 261388 is divided by 2.
0
Calculate the remainder when 9891672 is divided by 1648591.
126
Calculate the remainder when 32118372 is divided by 572.
0
What is the remainder when 95153455 is divided by 299?
293
What is the remainder when 403504 is divided by 374?
332
Calculate the remainder when 6407476 is divided by 126.
124
Calculate the remainder when 1219779 is divided by 681.
108
What is the remainder when 110034623 is divided by 12?
11
Calculate the remainder when 1214509 is divided by 893.
29
Calculate the remainder when 2951527 is divided by 1341.
1327
Calculate the remainder when 2577427 is divided by 1288696.
35
Calculate the remainder when 6886 is divided by 1659.
250
What is the remainder when 4196574 is divided by 23058?
18
Calculate the remainder when 6610361 is divided by 4.
1
Calculate the remainder when 17815 is divided by 2091.
1087
Calculate the remainder when 273689 is divided by 1985.
1744
What is the remainder when 17867363 is divided by 15?
8
What is the remainder when 17502846 is divided by 49?
46
Calculate the remainder when 867703 is divided by 289233.
4
What is the remainder when 156260 is divided by 192?
164
What is the remainder when 92958 is divided by 762?
756
Calculate the remainder when 193361 is divided by 8614.
3853
What is the remainder when 12655615 is divided by 994?
7
Calculate the remainder when 3169691 is divided by 2866.
2761
Calculate the remainder when 38907 is divided by 2380.
827
Calculate the remainder when 583024 is divided by 14.
8
What is the remainder when 14745458 is divided by 37906?
24
Calculate the remainder when 26847550 is divided by 400.
350
What is the remainder when 80325973 is divided by 914?
911
What is the remainder when 1156301057 is divided by 1172?
1169
Calculate the remainder when 82862519 is divided by 465.
449
What is the remainder when 9145056 is divided by 33?
30
What is the remainder when 242384 is divided by 24037?
2014
Calculate the remainder when 95972 is divided by 4510.
1262
Calculate the remainder when 1963072 is divided by 137.
136
What is the remainder when 1867169 is divided by 1226?
1197
Calculate the remainder when 104788 is divided by 1948.
1544
Calculate the remainder when 300250 is divided by 148821.
2608
What is the remainder when 1231590 is divided by 707?
703
Calculate the remainder when 4883221 is divided by 2441571.
79
What is the remainder when 157521 is divided by 52495?
36
What is the remainder when 128732 is divided by 4989?
4007
Calculate the remainder when 1735281 is divided by 1386.
9
What is the remainder when 899847 is divided by 299943?
18
What is the remainder when 87333 is divided by 21049?
3137
Calculate the remainder when 25891655 is divided by 359606.
23
Calculate the remainder when 293995 is divided by 146972.
51
Calculate the remainder when 56229 is divided by 1222.
17
Calculate the remainder when 56285074 is divided by 1588.
2
Calculate the remainder when 16765893 is divided by 296.
157
Calculate the remainder when 214484 is divided by 664.
12
What is the remainder when 14801 is divided by 643?
12
Calculate the remainder when 7694165 is divided by 25.
15
Calculate the remainder when 1131965 is divided by 226388.
25
What is the remainder when 2568162 is divided by 17590?
22
What is the remainder when 9389631 is divided by 4694775?
81
What is the remainder when 5363732 is divided by 22?
0
Calculate the remainder when 68329499 is divided by 503.
470
Calculate the remainder when 20777994 is divided by 10388942.
110
What is the remainder when 292965 is divided by 74?
73
What is the remainder when 479390 is divided by 1688?
1686
Calculate the remainder when 125965 is divided by 1041.
4
What is the remainder when 1209284 is divided by 120880?
484
Calculate the remainder when 70280 is divided by 23426.
2
Calculate the remainder when 5084552 is divided by 935.
22
What is the remainder when 6414121 is divided by 1056?
1033
What is the remainder when 1904815 is divided by 145?
95
What is the remainder when 43594873 is divided by 681?
658
Calculate the remainder when 1150633 is divided by 307.
304
Calculate the remainder when 10055638 is divided by 2513905.
18
Calculate the remainder when 3997185 is divided by 234.
231
What is the remainder when 52315 is divided by 12916?
651
What is the remainder when 24574392 is divided by 77?
73
Calculate the remainder when 1100984 is divided by 169.
118
What is the remainder when 6738746 is divided by 140?
126
What is the remainder when 1025790 is divided by 102529?
500
Calculate the remainder when 336495 is divided by 112153.
36
Calculate the remainder when 678916 is divided by 283.
282
What is the remainder when 2397535 is divided by 469?
7
Calculate the remainder when 1140284 is divided by 45600.
284
Calculate the remainder when 7543292 is divided by 5884.
4
What is the remainder when 144195122 is divided by 5375?
5372
What is the remainder when 5261005 is divided by 30?
25
Calculate the remainder when 40033380 is divided by 10008334.
44
Calculate the remainder when 277235 is divided by 1924.
179
Calculate the remainder when 204697 is divided by 2729.
22
Calculate the remainder when 466943 is divided by 615.
158
What is the remainder when 71309307 is divided by 66396?
3
What is the remainder when 2931797 is divided by 354?
323
Calculate the remainder when 75005 is divided by 8321.
116
Calculate the remainder when 41523 is divided by 40598.
925
Calculate the remainder when 39649 is divided by 18012.
3625
What is the remainder when 3613575 is divided by 1056?
999
Calculate the remainder when 689486 is divided by 11303.
3
What is the remainder when 42961896 is divided by 148657?
23
What is the remainder when 138685 is divided by 4778?
123
Calculate the remainder when 295951 is divided by 1016.
295
What is the remainder when 7782514 is divided by 89?
87
Calculate the remainder when 801912 is divided by 28630.
272
What is the remainder when 5618810 is divided by 39?
2
What is the remainder when 54530 is divided by 357?
266
Calculate the remainder when 5277527 is divided by 1759169.
20
What is the remainder when 192901 is divided by 1420?
1201
What is the remainder when 14235 is divided by 36?
15
What is the remainder when 21650293 is divided by 1204?
1169
What is the remainder when 167906 is divided by 729?
236
What is the remainder when 7049120 is divided by 44334?
14
Calculate the remainder when 19003605 is divided by 176.
5
What is the remainder when 3663714 is divided by 111016?
186
Calculate the remainder when 122589212 is divided by 1042.
1038
What is the remainder when 158692387 is divided by 349?
342
Calculate the remainder when 749845 is divided by 45.
10
What is the remainder when 351176 is divided by 5407?
5128
What is the remainder when 8223520 is divided by 9980?
0
What is the remainder when 66268 is divided by 4737?
4687
Calculate the remainder when 6011013 is divided by 30206.
19
Calculate the remainder when 545184 is divided by 272472.
240
What is the remainder when 18551 is divided by 8426?
1699
What is the remainder when 566183 is divided by 321?
260
Calculate the remainder when 1555529 is divided by 43.
4
Calculate the remainder when 7024 is divided by 555.
364
What is the remainder when 9376960 is divided by 12486?
12460
What is the remainder when 63808 is divided by 15935?
68
What is the remainder when 197432 is divided by 433?
417
Calculate the remainder when 5050 is divided by 1243.
78
Calculate the remainder when 52855 is divided by 683.
264
What is the remainder when 297778 is divided by 404?
30
What is the remainder when 37246886 is divided by 4694?
4690
Calculate the remainder when 215993 is divided by 240.
233
Calculate the remainder when 4374215 is divided by 526.
525
What is the remainder when 573486 is divided by 286336?
814
Calculate the remainder when 124382621 is divided by 287.
265
Calculate the remainder when 85484 is divided by 84804.
680
Calculate the remainder when 1098569 is divided by 121902.
1451
Calculate the remainder when 252830 is divided by 980.
970
Calculate the remainder when 25304216 is divided by 18.
14
What is the remainder when 1963759 is divided by 201?
190
What is the remainder when 3282083 is divided by 9514?
9267
Calculate the remainder when 186